Calculate the remainder when u is divided by m.
15
Let h = -118 - -138. Calculate the remainder when 113 is divided by h.
13
Let h be 138/36 + -4 - 1/(-6). Suppose 8 = 4*b - 2*z + 4, 4*z - 16 = h. What is the remainder when 21 is divided by b?
0
Let q be 6/(-30) - 256/(-5). Let b = q + -17. Suppose g - 74 + 7 = 0. Calculate the remainder when g is divided by b.
33
Suppose -21 = 9*g + 15. What is the remainder when 31 is divided by 3/(-6) + (-34)/g?
7
Let m = -2642 + 2673. Calculate the remainder when 115 is divided by m.
22
Suppose -4*f - g + 213 = 0, -2*f + 2*g + 222 = 2*f. Suppose 2*m - 3*u = 11, 0 = -5*u + 5 - 0. Calculate the remainder when f is divided by m.
5
Suppose -3*o + 10 = -5. Suppose 3 = o*m - 7. Suppose -9 = -4*g + g. Calculate the remainder when g is divided by m.
1
Let u(v) = v**2 + 9*v - 14. Let r be u(-10). Let c = r + 11. What is the remainder when 25 is divided by c?
4
Let i = -310 - -318. What is the remainder when 151 is divided by i?
7
Let y = 1382 - 1296. Calculate the remainder when 184 is divided by y.
12
Let z = -414 - -446. Calculate the remainder when z is divided by 12.
8
Let h = 8 + -6. Suppose -100 - 40 = -h*p. Calculate the remainder when p is divided by (-28 + 1)/(21/(-14)).
16
Suppose -6*a + 183 = -471. Calculate the remainder when a is divided by 80.
29
Let d be (5/(-2))/((-1)/46) - 1. Let x = d - 75. What is the remainder when x is divided by 11?
6
Let s = -9 - -9. Suppose -5*f = -2*d + 12, -2*d + 12 = -s*f + 4*f. Suppose u + 60 = d*u. What is the remainder when 46 is divided by u?
10
Let q = 135 - 49. What is the remainder when q is divided by 44?
42
Suppose -2*y + 6*b - 11*b = -28, -y - b = -11. What is the remainder when 17 is divided by y?
8
Let k(z) = z + 11. Let a be k(-6). Let h = a + -1. Suppose 5*x = 5*f + 8 + 2, 3*x + h*f = -1. What is the remainder when 1 is divided by x?
0
Let d(t) = 3*t**2 - 4*t - 1. Suppose 0 = 5*n - 4*y + 51, 3*y = -y + 16. Let k(u) = -u - 4. What is the remainder when d(3) is divided by k(n)?
2
Let k(m) = -2*m**3 + 10*m**2 - 4*m - 11. Let l be k(5). Calculate the remainder when 25 is divided by (-36)/24 + l/(-2).
11
Suppose -s - b = -50, 2*b - 9 + 11 = 0. Calculate the remainder when 200 is divided by s.
47
Let s = -11 + 7. Suppose -3*v = -0*v - 6. Let a = v - s. Calculate the remainder when 22 is divided by a.
4
Let m(t) = -173*t + 1397. Suppose 0 = 2*q - 0 - 4. Calculate the remainder when m(8) is divided by q.
1
Let n(f) = f**2 - 6*f - 6. Let z be n(7). Let i be (14/(-28))/(z/40). What is the remainder when 20 + 4/i*-5 is divided by 6?
3
Let i(n) = n**2 - 6*n + 4. Let g be i(6). Suppose g*j - 20 = 5*o, -4*j = -6*j - 2*o + 28. Calculate the remainder when 205/7 - 4/14 is divided by j.
9
Let x(s) = s**3 + 4*s**2 - 3*s - 12. Let i be x(-5). Let g = i - -32. Suppose 3*q - 5*q + 22 = 4*h, 0 = -3*h + 12. What is the remainder when g is divided by q?
1
Suppose 5*x + 88 = 4*f, 3*f + 39 = -4*x - 50. Let q be -1 + 2 + x/(-2). Suppose -c = -14 - q. Calculate the remainder when c is divided by 9.
7
Let s(l) = 5*l - 5 - 1 + 2 + 0. Calculate the remainder when 43 is divided by s(4).
11
Suppose d - 124 = -d. What is the remainder when d is divided by (22 - 20) + -4 - ((-29 - 1) + 1)?
8
Let k = 22 + -19. Suppose -18 = -2*n + g + g, -4*n + k*g + 31 = 0. What is the remainder when 26 is divided by n?
2
Let d = 69 - 49. What is the remainder when d is divided by 4 - (-7)/1*1?
9
Let x(a) = -13*a. Suppose 8*y + 6 = 2*y. Calculate the remainder when ((-4)/((-16)/33) - y)*4 is divided by x(-1).
11
Let l(h) = -h**3 - 42*h**2 + 41*h - 83. What is the remainder when 5 is divided by l(-43)?
2
Let o = 9 - 17. Let x be 21/4 + (-6)/o. Let y(j) = -j**3 + 11*j**2 - 13*j + 6. What is the remainder when y(x) is divided by 22?
20
Suppose -11*f - 512 = -27*f. What is the remainder when f is divided by 3?
2
Let z = 106 + -106. Suppose -3*y + 35 + 34 = z. Calculate the remainder when 91 is divided by y.
22
Let l(a) = -a + 10. Suppose -3*d + 10 = 2*d. Let m be (45/(-18))/(d/4). What is the remainder when 57 is divided by l(m)?
12
Calculate the remainder when 160 is divided by (-200)/(-5) + -11 + 12.
37
What is the remainder when 251 is divided by ((-280)/(-12) - 8) + 3/(-9)?
11
Suppose -2*t + 60 = -k, -9*t + 6*t + 4*k + 100 = 0. Calculate the remainder when 223 is divided by t.
27
Let n be 30 + (4 + -13)/(-3). Let w = n - 10. What is the remainder when 67 is divided by w?
21
Let y = -191 - -316. Calculate the remainder when y is divided by 63.
62
Let q = -636 - -854. Calculate the remainder when q is divided by 117.
101
Let s(a) = 4*a**2 + 8*a + 1. Calculate the remainder when 1120 is divided by s(-4).
31
Let d = 192 - 53. Calculate the remainder when d is divided by 12.
7
Let b be (-2)/6*-9 + -9. What is the remainder when (-4)/6 - 52/b is divided by 5?
3
Let h = 30 + -54. Let t = -8 - h. What is the remainder when 25 is divided by t?
9
Calculate the remainder when 262 - (6 + -11*(-5)/(-5)) is divided by 54.
51
Let v(x) = -x**2 + 12*x + 37. Let w be v(13). Suppose 91 = 4*t - h, -w = -t - 3*h + 2. What is the remainder when 58 is divided by t?
12
Let z(n) = -67*n + 3. Calculate the remainder when 138 is divided by z(-1).
68
Let m(j) = -170*j + 262. What is the remainder when m(0) is divided by 27?
19
Suppose -4*l - 2*f + 82 = 0, 0 = l + 6*f - f - 25. Calculate the remainder when l is divided by 9.
2
Let h(z) = 3*z - 5. Let k be h(-4). Let q = 36 + k. Let o = -1 + 5. Calculate the remainder when q is divided by o.
3
Let a(g) = -g**3 + 21*g**2 - 32*g - 12. Let u be a(19). Let h = u - 87. What is the remainder when h is divided by 3?
0
Suppose 5*y + 82 = 7*y - 3*p, 3*p + 47 = y. Calculate the remainder when 138 is divided by y.
33
Suppose -4*f + 2*q - 3*q + 41 = 0, 4*q + 23 = f. Let s = -123 + 140. What is the remainder when s is divided by f?
6
Suppose 571 = 4*s - 5*a, -s - 2*a + 134 = -5*a. Calculate the remainder when s is divided by 34.
13
Let o = -3 + 8. Let x(m) be the third derivative of -m**4/24 + 2*m**2. Calculate the remainder when o is divided by x(-3).
2
Let z = 98 - -24. Let x(o) = -22*o**2 - 2*o - 1. Let p be x(-2). Let j = z + p. Calculate the remainder when j is divided by 19.
18
Suppose 4*v - v = 33. Suppose 9*c - 2 = v*c. Calculate the remainder when 94/12 - c/6 is divided by 3.
2
Suppose -3*l + 360 = -516. Suppose 5*n = 3*n + l. Suppose -4*k = -2*t - 2*t + 88, 4*k - n = -5*t. Calculate the remainder when t is divided by 14.
12
Let p(v) = v + 4. Suppose q + 15 = x, 5*x + 5*q = -0*q + 65. What is the remainder when x is divided by p(3)?
0
Suppose 95*a - 73*a = 2728. What is the remainder when a is divided by 21?
19
Let w(n) = -n**3 + 24*n**2 - 20*n + 21. Suppose 5*t + 98 = 4*m + 3*t, 0 = -5*m - 3*t + 106. Calculate the remainder when w(m) is divided by 31.
28
Let j = 239 - 40. Calculate the remainder when j is divided by 98.
3
Let j(u) = -39*u - 54. What is the remainder when j(-16) is divided by 44?
42
Suppose -22 = 3*o - 5*p, 2*p - p - 5 = 0. What is the remainder when (-14*o)/(-1)*8 is divided by 29?
25
Calculate the remainder when 257 is divided by (-6)/(-4)*58/3.
25
Let a(v) = 3*v**2 + 9*v - 17. Let r = 19 - 44. Let k = -2 - r. Calculate the remainder when k is divided by a(2).
10
Let h(k) = 2*k**2 - 12*k + 61. Calculate the remainder when h(7) is divided by 12.
3
Let g(u) = -u**3 - 10*u**2 + 5*u - 26. Let d(p) = 2*p - 30. What is the remainder when g(-11) is divided by d(22)?
12
Suppose c + 2 = -8. Let l = c + -5. What is the remainder when 27 is divided by l/(-20) + 53/4?
13
Let a = -213 + 114. What is the remainder when (a + (0 - (-3)/6))*-2 is divided by 50?
47
Let o(g) = 3*g**3 - g**2 - 5*g + 6. Let k be o(3). Let h = -54 + k. Calculate the remainder when h is divided by 7.
2
Let o be 2 + (-7)/(28/8). Suppose -2*t - t + 18 = o. Let y(f) = 10*f + 2. Calculate the remainder when y(2) is divided by t.
4
Let i = 843 + -827. Calculate the remainder when 299 is divided by i.
11
Let x(d) = -d**3 - 7*d**2 - 8*d - 8. Let i be x(-6). Suppose 1693 = -4*k + 1861. Suppose i*w - 18 = k. What is the remainder when 27 is divided by w?
12
Suppose 0 = -544*y + 538*y + 396. Calculate the remainder when y is divided by 23.
20
Suppose -4*j - 10 = -6*j. Let i be 3 + 0 + (-6 - -5). Suppose 4*t - i - 6 = 